{"id":427,"date":"2025-01-28T16:19:03","date_gmt":"2025-01-28T16:19:03","guid":{"rendered":"https:\/\/mora.ganil-spiral2.eu\/?page_id=427"},"modified":"2025-11-04T17:39:17","modified_gmt":"2025-11-04T17:39:17","slug":"photo-gallery","status":"publish","type":"page","link":"https:\/\/mora.ganil-spiral2.eu\/?page_id=427","title":{"rendered":"Photo gallery"},"content":{"rendered":"\t\t<div data-elementor-type=\"wp-page\" data-elementor-id=\"427\" class=\"elementor elementor-427\">\n\t\t\t\t\t\t<div class=\"elementor-inner\">\n\t\t\t\t<div class=\"elementor-section-wrap\">\n\t\t\t\t\t\t\t\t\t<section class=\"elementor-section elementor-top-section elementor-element elementor-element-4786941 elementor-section-boxed elementor-section-height-default elementor-section-height-default\" data-id=\"4786941\" data-element_type=\"section\">\n\t\t\t\t\t\t<div class=\"elementor-container elementor-column-gap-default\">\n\t\t\t\t\t\t\t<div class=\"elementor-row\">\n\t\t\t\t\t<div class=\"elementor-column elementor-col-100 elementor-top-column elementor-element elementor-element-0c0960c\" data-id=\"0c0960c\" data-element_type=\"column\">\n\t\t\t<div class=\"elementor-column-wrap elementor-element-populated\">\n\t\t\t\t\t\t\t<div class=\"elementor-widget-wrap\">\n\t\t\t\t\t\t<div class=\"elementor-element elementor-element-c1f0888 elementor-widget elementor-widget-image\" data-id=\"c1f0888\" data-element_type=\"widget\" data-widget_type=\"image.default\">\n\t\t\t\t<div class=\"elementor-widget-container\">\n\t\t\t\t\t\t\t\t<div class=\"elementor-image\">\n\t\t\t\t\t\t\t\t\t\t\t\t<img width=\"584\" height=\"497\" src=\"https:\/\/mora.ganil-spiral2.eu\/wp-content\/uploads\/sites\/3\/2025\/07\/DSC_0694_edit-1024x871.jpg\" class=\"attachment-large size-large wp-image-620\" alt=\"The MORA shifters - July 2025\" loading=\"lazy\" srcset=\"https:\/\/mora.ganil-spiral2.eu\/wp-content\/uploads\/sites\/3\/2025\/07\/DSC_0694_edit-1024x871.jpg 1024w, https:\/\/mora.ganil-spiral2.eu\/wp-content\/uploads\/sites\/3\/2025\/07\/DSC_0694_edit-300x255.jpg 300w, https:\/\/mora.ganil-spiral2.eu\/wp-content\/uploads\/sites\/3\/2025\/07\/DSC_0694_edit-768x654.jpg 768w, https:\/\/mora.ganil-spiral2.eu\/wp-content\/uploads\/sites\/3\/2025\/07\/DSC_0694_edit-1536x1307.jpg 1536w, https:\/\/mora.ganil-spiral2.eu\/wp-content\/uploads\/sites\/3\/2025\/07\/DSC_0694_edit-2048x1743.jpg 2048w, https:\/\/mora.ganil-spiral2.eu\/wp-content\/uploads\/sites\/3\/2025\/07\/DSC_0694_edit-353x300.jpg 353w\" sizes=\"(max-width: 584px) 100vw, 584px\" \/>\t\t\t\t\t\t\t\t\t\t\t\t\t\t<\/div>\n\t\t\t\t\t\t<\/div>\n\t\t\t\t<\/div>\n\t\t\t\t<div class=\"elementor-element elementor-element-4fd82f1 elementor-widget elementor-widget-text-editor\" data-id=\"4fd82f1\" data-element_type=\"widget\" data-widget_type=\"text-editor.default\">\n\t\t\t\t<div class=\"elementor-widget-container\">\n\t\t\t\t\t\t\t\t<div class=\"elementor-text-editor elementor-clearfix\">\n\t\t\t\t<p style=\"text-align: center\">MORA team after data taking &#8211; July 2025\u00a0<\/p>\t\t\t\t\t<\/div>\n\t\t\t\t\t\t<\/div>\n\t\t\t\t<\/div>\n\t\t\t\t\t\t<\/div>\n\t\t\t\t\t<\/div>\n\t\t<\/div>\n\t\t\t\t\t\t\t\t<\/div>\n\t\t\t\t\t<\/div>\n\t\t<\/section>\n\t\t\t\t<section class=\"elementor-section elementor-top-section elementor-element elementor-element-3db25b1 elementor-section-boxed elementor-section-height-default elementor-section-height-default\" data-id=\"3db25b1\" data-element_type=\"section\">\n\t\t\t\t\t\t<div class=\"elementor-container elementor-column-gap-default\">\n\t\t\t\t\t\t\t<div class=\"elementor-row\">\n\t\t\t\t\t<div class=\"elementor-column elementor-col-33 elementor-top-column elementor-element elementor-element-243b606\" data-id=\"243b606\" data-element_type=\"column\">\n\t\t\t<div class=\"elementor-column-wrap elementor-element-populated\">\n\t\t\t\t\t\t\t<div class=\"elementor-widget-wrap\">\n\t\t\t\t\t\t<div class=\"elementor-element elementor-element-6aa21e7 elementor-widget elementor-widget-image\" data-id=\"6aa21e7\" data-element_type=\"widget\" data-widget_type=\"image.default\">\n\t\t\t\t<div class=\"elementor-widget-container\">\n\t\t\t\t\t\t\t\t<div class=\"elementor-image\">\n\t\t\t\t\t\t\t\t\t\t\t\t<img width=\"477\" height=\"299\" src=\"https:\/\/mora.ganil-spiral2.eu\/wp-content\/uploads\/sites\/3\/2025\/01\/trapped_ions1.jpg\" class=\"attachment-large size-large wp-image-433\" alt=\"\" loading=\"lazy\" srcset=\"https:\/\/mora.ganil-spiral2.eu\/wp-content\/uploads\/sites\/3\/2025\/01\/trapped_ions1.jpg 477w, https:\/\/mora.ganil-spiral2.eu\/wp-content\/uploads\/sites\/3\/2025\/01\/trapped_ions1-300x188.jpg 300w\" sizes=\"(max-width: 477px) 100vw, 477px\" \/>\t\t\t\t\t\t\t\t\t\t\t\t\t\t<\/div>\n\t\t\t\t\t\t<\/div>\n\t\t\t\t<\/div>\n\t\t\t\t<div class=\"elementor-element elementor-element-0d295cf elementor-widget elementor-widget-text-editor\" data-id=\"0d295cf\" data-element_type=\"widget\" data-widget_type=\"text-editor.default\">\n\t\t\t\t<div class=\"elementor-widget-container\">\n\t\t\t\t\t\t\t\t<div class=\"elementor-text-editor elementor-clearfix\">\n\t\t\t\t<p>First trapped ions at LPC Caen <\/p>\t\t\t\t\t<\/div>\n\t\t\t\t\t\t<\/div>\n\t\t\t\t<\/div>\n\t\t\t\t\t\t<\/div>\n\t\t\t\t\t<\/div>\n\t\t<\/div>\n\t\t\t\t<div class=\"elementor-column elementor-col-33 elementor-top-column elementor-element elementor-element-06ce3c7\" data-id=\"06ce3c7\" data-element_type=\"column\">\n\t\t\t<div class=\"elementor-column-wrap elementor-element-populated\">\n\t\t\t\t\t\t\t<div class=\"elementor-widget-wrap\">\n\t\t\t\t\t\t<div class=\"elementor-element elementor-element-af1003d elementor-widget elementor-widget-image\" data-id=\"af1003d\" data-element_type=\"widget\" data-widget_type=\"image.default\">\n\t\t\t\t<div class=\"elementor-widget-container\">\n\t\t\t\t\t\t\t\t<div class=\"elementor-image\">\n\t\t\t\t\t\t\t\t\t\t\t\t<img width=\"422\" height=\"316\" src=\"https:\/\/mora.ganil-spiral2.eu\/wp-content\/uploads\/sites\/3\/2025\/01\/trapped_ions2.png\" class=\"attachment-large size-large wp-image-434\" alt=\"\" loading=\"lazy\" srcset=\"https:\/\/mora.ganil-spiral2.eu\/wp-content\/uploads\/sites\/3\/2025\/01\/trapped_ions2.png 422w, https:\/\/mora.ganil-spiral2.eu\/wp-content\/uploads\/sites\/3\/2025\/01\/trapped_ions2-300x225.png 300w, https:\/\/mora.ganil-spiral2.eu\/wp-content\/uploads\/sites\/3\/2025\/01\/trapped_ions2-401x300.png 401w\" sizes=\"(max-width: 422px) 100vw, 422px\" \/>\t\t\t\t\t\t\t\t\t\t\t\t\t\t<\/div>\n\t\t\t\t\t\t<\/div>\n\t\t\t\t<\/div>\n\t\t\t\t<div class=\"elementor-element elementor-element-c70471c elementor-widget elementor-widget-text-editor\" data-id=\"c70471c\" data-element_type=\"widget\" data-widget_type=\"text-editor.default\">\n\t\t\t\t<div class=\"elementor-widget-container\">\n\t\t\t\t\t\t\t\t<div class=\"elementor-text-editor elementor-clearfix\">\n\t\t\t\t<p>First trapped ions at Jyv\u00e4skyl\u00e4<\/p>\t\t\t\t\t<\/div>\n\t\t\t\t\t\t<\/div>\n\t\t\t\t<\/div>\n\t\t\t\t\t\t<\/div>\n\t\t\t\t\t<\/div>\n\t\t<\/div>\n\t\t\t\t<div class=\"elementor-column elementor-col-33 elementor-top-column elementor-element elementor-element-b96d7a5\" data-id=\"b96d7a5\" data-element_type=\"column\">\n\t\t\t<div class=\"elementor-column-wrap elementor-element-populated\">\n\t\t\t\t\t\t\t<div class=\"elementor-widget-wrap\">\n\t\t\t\t\t\t<div class=\"elementor-element elementor-element-df27b2f elementor-widget elementor-widget-image\" data-id=\"df27b2f\" data-element_type=\"widget\" data-widget_type=\"image.default\">\n\t\t\t\t<div class=\"elementor-widget-container\">\n\t\t\t\t\t\t\t\t<div class=\"elementor-image\">\n\t\t\t\t\t\t\t\t\t\t\t\t<img width=\"364\" height=\"273\" src=\"https:\/\/mora.ganil-spiral2.eu\/wp-content\/uploads\/sites\/3\/2025\/01\/trapped_ions_3.png\" class=\"attachment-large size-large wp-image-435\" alt=\"\" loading=\"lazy\" srcset=\"https:\/\/mora.ganil-spiral2.eu\/wp-content\/uploads\/sites\/3\/2025\/01\/trapped_ions_3.png 364w, https:\/\/mora.ganil-spiral2.eu\/wp-content\/uploads\/sites\/3\/2025\/01\/trapped_ions_3-300x225.png 300w\" sizes=\"(max-width: 364px) 100vw, 364px\" \/>\t\t\t\t\t\t\t\t\t\t\t\t\t\t<\/div>\n\t\t\t\t\t\t<\/div>\n\t\t\t\t<\/div>\n\t\t\t\t<div class=\"elementor-element elementor-element-95a3a8b elementor-widget elementor-widget-text-editor\" data-id=\"95a3a8b\" data-element_type=\"widget\" data-widget_type=\"text-editor.default\">\n\t\t\t\t<div class=\"elementor-widget-container\">\n\t\t\t\t\t\t\t\t<div class=\"elementor-text-editor elementor-clearfix\">\n\t\t\t\t<p>Trapping half-life &gt; 10s at Jyv\u00e4skyl\u00e4<br><\/p>\t\t\t\t\t<\/div>\n\t\t\t\t\t\t<\/div>\n\t\t\t\t<\/div>\n\t\t\t\t\t\t<\/div>\n\t\t\t\t\t<\/div>\n\t\t<\/div>\n\t\t\t\t\t\t\t\t<\/div>\n\t\t\t\t\t<\/div>\n\t\t<\/section>\n\t\t\t\t<section class=\"elementor-section elementor-top-section elementor-element elementor-element-8d2eeed elementor-section-boxed elementor-section-height-default elementor-section-height-default\" data-id=\"8d2eeed\" data-element_type=\"section\">\n\t\t\t\t\t\t<div class=\"elementor-container elementor-column-gap-default\">\n\t\t\t\t\t\t\t<div class=\"elementor-row\">\n\t\t\t\t\t<div class=\"elementor-column elementor-col-33 elementor-top-column elementor-element elementor-element-f0257b9\" data-id=\"f0257b9\" data-element_type=\"column\">\n\t\t\t<div class=\"elementor-column-wrap elementor-element-populated\">\n\t\t\t\t\t\t\t<div class=\"elementor-widget-wrap\">\n\t\t\t\t\t\t<div class=\"elementor-element elementor-element-46b6332 elementor-widget elementor-widget-image\" data-id=\"46b6332\" data-element_type=\"widget\" data-widget_type=\"image.default\">\n\t\t\t\t<div class=\"elementor-widget-container\">\n\t\t\t\t\t\t\t\t<div class=\"elementor-image\">\n\t\t\t\t\t\t\t\t\t\t\t\t<img width=\"400\" height=\"305\" src=\"https:\/\/mora.ganil-spiral2.eu\/wp-content\/uploads\/sites\/3\/2025\/01\/Defences.png\" class=\"attachment-large size-large wp-image-436\" alt=\"\" loading=\"lazy\" srcset=\"https:\/\/mora.ganil-spiral2.eu\/wp-content\/uploads\/sites\/3\/2025\/01\/Defences.png 400w, https:\/\/mora.ganil-spiral2.eu\/wp-content\/uploads\/sites\/3\/2025\/01\/Defences-300x229.png 300w, https:\/\/mora.ganil-spiral2.eu\/wp-content\/uploads\/sites\/3\/2025\/01\/Defences-393x300.png 393w\" sizes=\"(max-width: 400px) 100vw, 400px\" \/>\t\t\t\t\t\t\t\t\t\t\t\t\t\t<\/div>\n\t\t\t\t\t\t<\/div>\n\t\t\t\t<\/div>\n\t\t\t\t<div class=\"elementor-element elementor-element-f1e0286 elementor-widget elementor-widget-text-editor\" data-id=\"f1e0286\" data-element_type=\"widget\" data-widget_type=\"text-editor.default\">\n\t\t\t\t<div class=\"elementor-widget-container\">\n\t\t\t\t\t\t\t\t<div class=\"elementor-text-editor elementor-clearfix\">\n\t\t\t\t<p>New doctors of the University of Caen<\/p>\t\t\t\t\t<\/div>\n\t\t\t\t\t\t<\/div>\n\t\t\t\t<\/div>\n\t\t\t\t<div class=\"elementor-element elementor-element-0ac61ab elementor-widget elementor-widget-image\" data-id=\"0ac61ab\" data-element_type=\"widget\" data-widget_type=\"image.default\">\n\t\t\t\t<div class=\"elementor-widget-container\">\n\t\t\t\t\t\t\t\t<div class=\"elementor-image\">\n\t\t\t\t\t\t\t\t\t\t\t\t<img width=\"389\" height=\"292\" src=\"https:\/\/mora.ganil-spiral2.eu\/wp-content\/uploads\/sites\/3\/2025\/01\/Les_Houches.png\" class=\"attachment-large size-large wp-image-437\" alt=\"\" loading=\"lazy\" srcset=\"https:\/\/mora.ganil-spiral2.eu\/wp-content\/uploads\/sites\/3\/2025\/01\/Les_Houches.png 389w, https:\/\/mora.ganil-spiral2.eu\/wp-content\/uploads\/sites\/3\/2025\/01\/Les_Houches-300x225.png 300w\" sizes=\"(max-width: 389px) 100vw, 389px\" \/>\t\t\t\t\t\t\t\t\t\t\t\t\t\t<\/div>\n\t\t\t\t\t\t<\/div>\n\t\t\t\t<\/div>\n\t\t\t\t<div class=\"elementor-element elementor-element-4687522 elementor-widget elementor-widget-text-editor\" data-id=\"4687522\" data-element_type=\"widget\" data-widget_type=\"text-editor.default\">\n\t\t\t\t<div class=\"elementor-widget-container\">\n\t\t\t\t\t\t\t\t<div class=\"elementor-text-editor elementor-clearfix\">\n\t\t\t\t<p>Les Houches School<\/p>\t\t\t\t\t<\/div>\n\t\t\t\t\t\t<\/div>\n\t\t\t\t<\/div>\n\t\t\t\t\t\t<\/div>\n\t\t\t\t\t<\/div>\n\t\t<\/div>\n\t\t\t\t<div class=\"elementor-column elementor-col-33 elementor-top-column elementor-element elementor-element-ae542b4\" data-id=\"ae542b4\" data-element_type=\"column\">\n\t\t\t<div class=\"elementor-column-wrap elementor-element-populated\">\n\t\t\t\t\t\t\t<div class=\"elementor-widget-wrap\">\n\t\t\t\t\t\t<div class=\"elementor-element elementor-element-c7e10e4 elementor-widget elementor-widget-image\" data-id=\"c7e10e4\" data-element_type=\"widget\" data-widget_type=\"image.default\">\n\t\t\t\t<div class=\"elementor-widget-container\">\n\t\t\t\t\t\t\t\t<div class=\"elementor-image\">\n\t\t\t\t\t\t\t\t\t\t\t\t<img width=\"561\" height=\"749\" src=\"https:\/\/mora.ganil-spiral2.eu\/wp-content\/uploads\/sites\/3\/2025\/01\/Vikings.png\" class=\"attachment-large size-large wp-image-442\" alt=\"\" loading=\"lazy\" srcset=\"https:\/\/mora.ganil-spiral2.eu\/wp-content\/uploads\/sites\/3\/2025\/01\/Vikings.png 561w, https:\/\/mora.ganil-spiral2.eu\/wp-content\/uploads\/sites\/3\/2025\/01\/Vikings-225x300.png 225w\" sizes=\"(max-width: 561px) 100vw, 561px\" \/>\t\t\t\t\t\t\t\t\t\t\t\t\t\t<\/div>\n\t\t\t\t\t\t<\/div>\n\t\t\t\t<\/div>\n\t\t\t\t<div class=\"elementor-element elementor-element-ebbad37 elementor-widget elementor-widget-text-editor\" data-id=\"ebbad37\" data-element_type=\"widget\" data-widget_type=\"text-editor.default\">\n\t\t\t\t<div class=\"elementor-widget-container\">\n\t\t\t\t\t\t\t\t<div class=\"elementor-text-editor elementor-clearfix\">\n\t\t\t\t<p>First beamtime party at Jyv\u00e4skyl\u00e4<\/p>\t\t\t\t\t<\/div>\n\t\t\t\t\t\t<\/div>\n\t\t\t\t<\/div>\n\t\t\t\t\t\t<\/div>\n\t\t\t\t\t<\/div>\n\t\t<\/div>\n\t\t\t\t<div class=\"elementor-column elementor-col-33 elementor-top-column elementor-element elementor-element-e11588a\" data-id=\"e11588a\" data-element_type=\"column\">\n\t\t\t<div class=\"elementor-column-wrap elementor-element-populated\">\n\t\t\t\t\t\t\t<div class=\"elementor-widget-wrap\">\n\t\t\t\t\t\t<div class=\"elementor-element elementor-element-8ff458a elementor-widget elementor-widget-image\" data-id=\"8ff458a\" data-element_type=\"widget\" data-widget_type=\"image.default\">\n\t\t\t\t<div class=\"elementor-widget-container\">\n\t\t\t\t\t\t\t\t<div class=\"elementor-image\">\n\t\t\t\t\t\t\t\t\t\t\t\t<img width=\"337\" height=\"253\" src=\"https:\/\/mora.ganil-spiral2.eu\/wp-content\/uploads\/sites\/3\/2025\/01\/fallen_trap.jpg\" class=\"attachment-large size-large wp-image-440\" alt=\"\" loading=\"lazy\" srcset=\"https:\/\/mora.ganil-spiral2.eu\/wp-content\/uploads\/sites\/3\/2025\/01\/fallen_trap.jpg 337w, https:\/\/mora.ganil-spiral2.eu\/wp-content\/uploads\/sites\/3\/2025\/01\/fallen_trap-300x225.jpg 300w\" sizes=\"(max-width: 337px) 100vw, 337px\" \/>\t\t\t\t\t\t\t\t\t\t\t\t\t\t<\/div>\n\t\t\t\t\t\t<\/div>\n\t\t\t\t<\/div>\n\t\t\t\t<div class=\"elementor-element elementor-element-fe0c48d elementor-widget elementor-widget-text-editor\" data-id=\"fe0c48d\" data-element_type=\"widget\" data-widget_type=\"text-editor.default\">\n\t\t\t\t<div class=\"elementor-widget-container\">\n\t\t\t\t\t\t\t\t<div class=\"elementor-text-editor elementor-clearfix\">\n\t\t\t\t<p>Transport incident<\/p>\t\t\t\t\t<\/div>\n\t\t\t\t\t\t<\/div>\n\t\t\t\t<\/div>\n\t\t\t\t<div class=\"elementor-element elementor-element-4eed949 elementor-widget elementor-widget-image\" data-id=\"4eed949\" data-element_type=\"widget\" data-widget_type=\"image.default\">\n\t\t\t\t<div class=\"elementor-widget-container\">\n\t\t\t\t\t\t\t\t<div class=\"elementor-image\">\n\t\t\t\t\t\t\t\t\t\t\t\t<img width=\"471\" height=\"265\" src=\"https:\/\/mora.ganil-spiral2.eu\/wp-content\/uploads\/sites\/3\/2025\/01\/installation_1.jpg\" class=\"attachment-large size-large wp-image-438\" alt=\"\" loading=\"lazy\" srcset=\"https:\/\/mora.ganil-spiral2.eu\/wp-content\/uploads\/sites\/3\/2025\/01\/installation_1.jpg 471w, https:\/\/mora.ganil-spiral2.eu\/wp-content\/uploads\/sites\/3\/2025\/01\/installation_1-300x169.jpg 300w\" sizes=\"(max-width: 471px) 100vw, 471px\" \/>\t\t\t\t\t\t\t\t\t\t\t\t\t\t<\/div>\n\t\t\t\t\t\t<\/div>\n\t\t\t\t<\/div>\n\t\t\t\t<div class=\"elementor-element elementor-element-7e4bd06 elementor-widget elementor-widget-text-editor\" data-id=\"7e4bd06\" data-element_type=\"widget\" data-widget_type=\"text-editor.default\">\n\t\t\t\t<div class=\"elementor-widget-container\">\n\t\t\t\t\t\t\t\t<div class=\"elementor-text-editor elementor-clearfix\">\n\t\t\t\t<p>Installation of the injection beamline after the shipping incident<\/p>\t\t\t\t\t<\/div>\n\t\t\t\t\t\t<\/div>\n\t\t\t\t<\/div>\n\t\t\t\t\t\t<\/div>\n\t\t\t\t\t<\/div>\n\t\t<\/div>\n\t\t\t\t\t\t\t\t<\/div>\n\t\t\t\t\t<\/div>\n\t\t<\/section>\n\t\t\t\t\t\t\t\t\t<\/div>\n\t\t\t<\/div>\n\t\t\t\t\t<\/div>\n\t\t","protected":false},"excerpt":{"rendered":"<p>MORA team after data taking &#8211; July 2025\u00a0 First trapped ions at LPC Caen First trapped ions at Jyv\u00e4skyl\u00e4 Trapping half-life &gt; 10s at Jyv\u00e4skyl\u00e4 New doctors of the University of Caen Les Houches School First beamtime party at Jyv\u00e4skyl\u00e4 &hellip; <a href=\"https:\/\/mora.ganil-spiral2.eu\/?page_id=427\">Continue reading <span class=\"meta-nav\">&rarr;<\/span><\/a><\/p>\n","protected":false},"author":7,"featured_media":0,"parent":0,"menu_order":0,"comment_status":"closed","ping_status":"closed","template":"","meta":[],"_links":{"self":[{"href":"https:\/\/mora.ganil-spiral2.eu\/index.php?rest_route=\/wp\/v2\/pages\/427"}],"collection":[{"href":"https:\/\/mora.ganil-spiral2.eu\/index.php?rest_route=\/wp\/v2\/pages"}],"about":[{"href":"https:\/\/mora.ganil-spiral2.eu\/index.php?rest_route=\/wp\/v2\/types\/page"}],"author":[{"embeddable":true,"href":"https:\/\/mora.ganil-spiral2.eu\/index.php?rest_route=\/wp\/v2\/users\/7"}],"replies":[{"embeddable":true,"href":"https:\/\/mora.ganil-spiral2.eu\/index.php?rest_route=%2Fwp%2Fv2%2Fcomments&post=427"}],"version-history":[{"count":10,"href":"https:\/\/mora.ganil-spiral2.eu\/index.php?rest_route=\/wp\/v2\/pages\/427\/revisions"}],"predecessor-version":[{"id":646,"href":"https:\/\/mora.ganil-spiral2.eu\/index.php?rest_route=\/wp\/v2\/pages\/427\/revisions\/646"}],"wp:attachment":[{"href":"https:\/\/mora.ganil-spiral2.eu\/index.php?rest_route=%2Fwp%2Fv2%2Fmedia&parent=427"}],"curies":[{"name":"wp","href":"https:\/\/api.w.org\/{rel}","templated":true}]}}